 l = -4*i. What is the tens digit of d?
1
Suppose -3*t - 11 = -35. Suppose 0 = 4*g - 760 - 660. Suppose 0 = -3*z + t*z - g. What is the units digit of z?
1
Let h(x) = 2*x**2 + 114. Let t be -5 - -14 - 9/(-3). Let s be 0/(-1)*t/(-12). What is the tens digit of h(s)?
1
Let d(z) = z**3 + 14*z**2 + 15*z - 47. What is the tens digit of d(-8)?
1
Suppose 121*t = 637978 + 1104044 + 103349. What is the hundreds digit of t?
2
Let t be 14/133 + 74/19. Suppose -t*c + 16 = 0, 4*u - 4604 = -u + 4*c. What is the units digit of u?
4
Let l(v) = 12*v**2 + 164*v + 6. What is the hundreds digit of l(-28)?
8
What is the thousands digit of (21/14)/((-18)/(-162828))?
3
Let s = -2021 + 3274. Suppose 6*h + h - s = 0. Let w = h + -91. What is the tens digit of w?
8
Suppose 0 = -5*n + 4*d - 306, -2*d - 253 = 4*n + 3*d. Let f = n - -66. What is the tens digit of -2 - (f + -2 + -259)?
5
Suppose -5*o + 4*k + 6935 = k, -4*o + 5*k = -5561. Let n = o - 144. What is the hundreds digit of n?
2
Suppose -2*u - 2*o - 123 = -457, 0 = u + 2*o - 172. Let n be (-3)/(u/(-11274)) - (-2)/9. What is the tens digit of (-4 - -1)/(-1) + n + 4?
1
Let k(a) = 2*a**3 - a**2 - 2*a - 2. Let d be k(-1). What is the tens digit of 4/(1 - d) - -94?
9
Suppose 5*l = -0*w - 2*w + 731, 4*l = -4*w + 1480. Let i(a) = -a + 615. Let q be i(0). Let p = q - w. What is the tens digit of p?
4
Let x be (102/24)/(1/4). Suppose -x*w + 13*w = 0. Suppose p - 3*d + 84 = 5*p, w = -4*d + 16. What is the units digit of p?
8
Let k = -16576 + 23388. What is the tens digit of k?
1
Let z(m) = -m + 10. Suppose 6 - 42 = -2*j. Suppose -o = y - 11, -y - j = 5*o - 57. What is the units digit of z(o)?
3
Let h = 2161 - 1923. Let i = -6 - -6. Suppose 3*c + 0 = 6, 2*k + 3*c - h = i. What is the units digit of k?
6
Let m = 42261 + -21368. What is the hundreds digit of m?
8
Let q(s) be the third derivative of s**6/20 - s**5/15 + s**4/8 - 5*s**3/3 - 6*s**2. Suppose -5*u = 0, 4*u - 20 = -5*w - 5. What is the hundreds digit of q(w)?
1
Suppose 5*w - 11210 = -2930. Suppose -13*b - w + 5374 = 0. Suppose -380 = -2*s + 5*c - 110, -2*s = 3*c - b. What is the hundreds digit of s?
1
Let i(n) = n**3 + 40*n**2 - 23*n + 198. What is the hundreds digit of i(-33)?
5
Let w(s) = 132*s + 7. Suppose 2*x = -5*h + 8, -4*h - x = -3*x - 10. What is the hundreds digit of w(h)?
2
Suppose -r + 2*f + 138 = 0, 4*f + 62 = 5*r - 628. Suppose 2*o - 418 = r. Suppose -6*u + u = -5*p + 505, -3*p - 2*u = -o. What is the units digit of p?
6
Suppose 63 = -11*y + 3484. Suppose y = 2*w + 5*k - 540, w + 4*k = 421. What is the tens digit of w?
3
Let q = -1975 - -3329. Suppose 7*v + q = 6772. What is the tens digit of v?
7
Let u be 85/(-17) - 16/(-4). Let g(r) = -810*r - 22. What is the units digit of g(u)?
8
Let o = 880 - 468. Let y = o - 145. What is the hundreds digit of y?
2
Let h be 8 + -3 - (2 - 3). Let i(l) = 3*l**3 - 20*l**2 - 5*l + 1. Let x be i(h). Let g = x - -271. What is the tens digit of g?
7
Let z be (-249)/(-2) - (-90)/36. Let t = z + 306. Suppose t + 1679 = 8*y. What is the units digit of y?
4
Suppose 9*s - 258 = 30. Suppose -7*f + s = 4. What is the units digit of f?
4
What is the hundreds digit of ((-162)/(-18))/(15/15545)?
3
Suppose -147537 - 126737 = -154*c. What is the hundreds digit of c?
7
Suppose -4*s = -2*v - 20, -6*v - 15 = -10*v - 3*s. Let n be v/(-1*(-5 + 4)) + 3. Suppose 16 - 244 = -n*u. What is the units digit of u?
6
Let p(m) = m**2 - 6*m + 19. Let h be p(-6). Suppose 2*a - 10 = 0, 5*g - 5*a + h = 9436. What is the tens digit of g?
7
Suppose -5*k + 4*o + 221541 = 0, 2*k + 25*o - 88644 = 22*o. What is the thousands digit of k?
4
Let h(w) = w**2 - 6*w - 1. Let d be h(4). What is the tens digit of (-3)/((-6376)/(-29664) - (-2)/d)?
1
Let t(m) = -2*m**3 + 31*m**2 + 18*m + 16. Let s be (14/21)/((-100)/(-96) + -1). What is the tens digit of t(s)?
4
Let r(i) = 4*i + 61. Let d be (-90)/(-7 - -2) + 0. What is the tens digit of r(d)?
3
Suppose -21*q + 18*q = 2676. What is the units digit of q/(-10) + (-4 + 1)/15?
9
Let j = 590 - -201. Let x = -301 + j. What is the tens digit of x?
9
Suppose 3 = -8*s + 9*s. Suppose s*h = -2*h + 1300. What is the tens digit of h?
6
Let u(q) = -745*q + 2812. What is the thousands digit of u(-16)?
4
Suppose 4*y + 3*k + 2 = 2*y, -y - 3 = 2*k. Let m(d) = -15*d - 14. Let b(l) = 15*l + 13. Let a(z) = -2*b(z) - 3*m(z). What is the tens digit of a(y)?
9
Suppose -2*u = 3*a - a, -5*u + a = -24. Suppose u*r = -4*m + 212, r = 4*m + 68 - 15. What is the tens digit of r?
5
Let a = 12164 + -3852. What is the tens digit of a?
1
Suppose 0 = g - 1, 3*k + 2 = -5*g + 1. Let c(m) = m - 1. Let w(d) = -13*d**3 - d - 1. Let s(r) = c(r) + w(r). What is the hundreds digit of s(k)?
1
Let f = 8378 - 1487. What is the units digit of f?
1
Let v be -3 + -4*21/28 - 18. What is the units digit of 67554/48 + 9/v?
7
Suppose 3*h + 192 + 196 = -o, -3*h + 4*o = 398. What is the hundreds digit of ((-226)/(-10))/((-26)/h)?
1
What is the units digit of 12/(-3) + 6 - 93912/(-14)?
0
Let l = 22711 - 10604. What is the hundreds digit of l?
1
Let s = -68 - -70. Suppose -3*g = a - 9, -2*g + 6 = -s*a - 0. What is the tens digit of (3 - g/3)*(128 + -3)?
5
What is the tens digit of 364578/39 + -13 - (-4)/(-26)?
3
Suppose 143*q - 9532 = 139*q. What is the thousands digit of q?
2
Let l(i) = -14*i**2 - 229*i + 15. Suppose -33 = -14*f + 17*f. What is the units digit of l(f)?
0
Let c be 4/(-14) - (-19)/((-1064)/(-16)). Suppose -2*n + c*w - w + 107 = 0, 0 = -5*n - 4*w + 266. What is the tens digit of n?
5
Let m be (-90)/(7/(70/(-15))). What is the thousands digit of 4*3/m - (-10198)/10?
1
Suppose -5*p + 17*p = -4824. Let z = -68 - p. What is the tens digit of z?
3
Suppose 4*r = -4*o + 110536, -13339 - 41969 = -2*r + 8*o. What is the tens digit of r?
3
Let q(t) = -1031*t - 7915. What is the thousands digit of q(-33)?
6
Let y = -8430 - -80966. What is the units digit of y?
6
What is the tens digit of 1 - (-24552)/(-11 + 19)?
7
Suppose 87*b = 93*b + 198. Let f = 600 + b. What is the units digit of f?
7
Let z(n) = -235*n**3 + 24*n**2 + 6*n - 32. What is the thousands digit of z(-5)?
9
Suppose 35*x = -25 + 200. What is the thousands digit of ((-2186)/x)/(4 + (-352)/80)?
1
What is the thousands digit of 2356466/90 - (-118)/2655?
6
Let q(x) = -16*x + 2*x**2 + 2 + 103*x**3 + 6*x + 2*x**2 - x**2 + x**2. What is the units digit of q(2)?
2
Let z be (-1)/(-1)*1 - (13 - 15). Let r be (-401)/7 - (z - (-69)/(-21)). Let b = r + 319. What is the hundreds digit of b?
2
Let d(t) = 11 - 7*t + 16*t + 12*t + 2*t. Let y be d(-28). Let b = y - -896. What is the units digit of b?
3
What is the thousands digit of (2 + -8 - -5) + -1 + 4895?
4
Let w be (179 - (7 - 14))*7. Suppose -10*o + w = -7668. What is the hundreds digit of o?
8
Let u(d) be the first derivative of 0*d**2 + 11 + 5*d - 1/4*d**4 + d**3. What is the units digit of u(-4)?
7
Suppose 2*m - 4*k = -62, 84 = -4*m - 2*k - 0*k. Let g be (-1184)/(-24)*1*(-6)/2. Let v = m - g. What is the tens digit of v?
2
Suppose 3 = 4*z - 3*z. Suppose -5*i - z*u = 99, u - 69 = 3*i + 6*u. What is the units digit of -2*(-2)/(-18) - 238/i?
3
Suppose 0 = 3*f + 6 - 21. Suppose -77 + 17 = f*v. What is the tens digit of (-283)/(-3) + 4/v?
9
Let r(k) = 387*k + 254. Let c(u) = 77*u + 51. Let p(t) = -11*c(t) + 2*r(t). What is the hundreds digit of p(-5)?
3
Let o be (8/10)/((-4)/(-10)). Let x be (8/10)/((-10)/(-25)). What is the units digit of o*(-22)/(-8)*x?
1
Let c(b) = b**3 - 142*b**2 - 400*b - 1081. What is the thousands digit of c(145)?
3
Suppose -81*m + 6 = -75*m. What is the units digit of (152*m)/((-3 + 5)/6)?
6
Let n(a) = 3768*a**3 - 13*a**2 + 10*a + 4. What is the thousands digit of n(1)?
3
Let h(z) = -6*z**2 - 974*z - 94. What is the ten thousands digit of h(-62)?
3
Let r(a) = -11*a**2 - 39*a - 3. Let i be r(-6). Let p = 276 + i. What is the units digit of p?
1
What is the thousands digit of 59/(4779/54) - (-4342)/3?
1
Suppose 6532 = 4*x - 4*r, -4*r = 9*x - 7*x - 3272. Let h = x - 954. What is the units digit of h?
0
Let d(v) = -v**3 + 16*v**2 - v + 25419. What is the units digit of d(0)?
9
Let w(m) = 3*m**3 + 6*m**2 + m - 5. Let u be w(-3). Let a be (-45070)/u - (-7)/(147/6). Suppose -2*v + 10*v - a = 0. What is the units digit of v?
1
Let g be 456/(1 - 7) - -